 551 = -j*m. What is the units digit of m?
9
Let q(c) = -c**3 - 12*c**2 - 115*c - 5. Let b be q(-7). Suppose -22*t - b = -23*t - 4*u, 2*t - 2*u = 1110. What is the hundreds digit of t?
5
Let l = 354 + -354. Suppose -4*t + 0*t - 1382 = -2*i, l = 4*i - 5*t - 2752. What is the units digit of i?
3
Let t = 56466 + -26880. What is the units digit of t?
6
Let o = 10834 + -5413. What is the hundreds digit of o?
4
Suppose -3*a + 2*m = -6*a - 23, 0 = -4*a - 2*m - 34. Let y(x) = -2*x**2 - 10*x + 12. Let b be y(a). What is the tens digit of b/(-16)*(-14)/(-3)?
3
Let c = 1036 - 2145. Let o = -772 - c. What is the tens digit of o?
3
Let h(l) = -18*l + 13. Let y be (-334)/4 - (-6 + 36/8). Let a = 77 + y. What is the tens digit of h(a)?
0
Suppose -3*b + 5 = 8. What is the units digit of (b + 3 + 7)*47?
3
Let y(f) = f**3 + 11*f**2 + 12*f + 7. Let n be y(-10). Let p(x) = -38*x - 119. What is the units digit of p(n)?
5
Suppose 3*m - 119 = -2*v, -4*v + 128 = 5*m - 115. Let y = 139 - v. Let z = -50 + y. What is the tens digit of z?
2
Let o(b) be the third derivative of -22*b**4 - 19*b**3/6 + 87*b**2. What is the tens digit of o(-1)?
0
Let u(w) = w**3 - 6*w**2 + 159*w - 32. What is the thousands digit of u(14)?
3
Let d(z) = 18*z + 154. Let b be d(-8). What is the units digit of b + 15/(-6)*2 - -316?
1
Suppose 5*w - 12*l + 3723 = -8*l, 0 = -3*w + 4*l - 2229. Let f = w - -2275. What is the thousands digit of f?
1
Suppose s = 5*k + 7582 - 46983, s + 15764 = 2*k. What is the hundreds digit of k?
8
Suppose -50*l - 498902 = -1404452. What is the ten thousands digit of l?
1
Let y(h) be the third derivative of h**5/12 - 2*h**4/3 + 11*h**3/2 + 6*h**2 + 3. What is the tens digit of y(8)?
2
Suppose -4*o + 50 = 2*g, -5*o + 8*o + 66 = 3*g. Let k(v) = -54*v + 60. Let h(i) = -70*i + 61. Let b(w) = 3*h(w) - 4*k(w). What is the tens digit of b(g)?
8
Let d(m) = 965*m - 19. What is the hundreds digit of d(6)?
7
Suppose 0 = -b + 1, 0*t - 2*t + 3*b + 477 = 0. Let s be (-1552)/(-10)*1305/1044. Suppose -7*f + s + t = 0. What is the tens digit of f?
6
Suppose 0 = -65*s + 92*s + 135. What is the units digit of (3 - 0)*(s + 3290/10)?
2
Let j = 78925 + -41682. What is the ten thousands digit of j?
3
Suppose -2*b + 645 = -3*b - j, -2585 = 4*b + 3*j. Let x = b - -355. Let z = -143 - x. What is the hundreds digit of z?
1
Suppose -8*d + 4182 = -11498. What is the hundreds digit of d?
9
Suppose 0 = 5*s - 0*s - 280. Suppose -8607 = 37*b - s*b. What is the hundreds digit of b?
4
Suppose 4*s + c - 16556 = -1952, 3*s - c = 10953. What is the hundreds digit of s?
6
Let r(d) = 183*d**2 - 18*d + 2. Let f be r(6). Suppose -24*j + f = -17*j. Suppose 5*y - 2 = 3, 5*h - 4*y = j. What is the units digit of h?
6
Let c(o) = o + 4. Let h be c(-2). Let d(a) = 12*a + h + 0 - 3*a. What is the units digit of d(5)?
7
Let d(u) = 40*u**2 + 100*u + 110. What is the hundreds digit of d(23)?
5
Suppose 5*g + 108 = 2*c, -2*g = -2*c - 6*g + 90. Let k = 49 - c. Suppose 15*m - 20*m + 240 = k. What is the tens digit of m?
4
Let l(k) = 119*k**3 + 4*k**2 + k - 3. What is the tens digit of l(4)?
8
Let b be 2 - 60/35 - 2214/7. Let m = 303 - b. What is the units digit of m?
9
Let u = -13162 + 21586. What is the thousands digit of u?
8
Let s(k) = 815*k**2 - 41*k - 145. What is the units digit of s(-4)?
9
Let l(c) = c**2 - c - 18. Let q be l(5). Suppose 297 = 3*x - 5*y, -q*x - 3*y - 303 = -5*x. What is the tens digit of x?
0
Suppose 0 = 5*s + 17 - 27. Suppose 0 = -i - 4*c - 10, -s*c - 10 = -i + 4*i. What is the tens digit of ((-23)/(-23))/(i/(-266))?
3
Let m(p) = -23*p - 17. Let k be m(-25). Suppose g = -c + k - 163, -3*g = 6. What is the hundreds digit of c?
3
Suppose -2*m - 2087 = -5*s - 5855, -2*s = -4*m + 7536. What is the thousands digit of m?
1
Suppose -13*b = -8*b - 4730. Let j = b + -399. What is the units digit of j?
7
Let z be (-246)/(-21) + ((-38)/14 - -3). Let b be z/(-32) + (-5946)/16. What is the hundreds digit of (b/9)/(3/(81/(-6)))?
1
Let f(g) = g**3 - 4*g**2 + 4*g - 6. Let u be f(4). Let c be 9 + -2 - 5/(25/u). What is the tens digit of 1/5 + -1*(-569)/c?
1
Let y(m) be the third derivative of m**5/30 + m**4/24 + 5*m**3/3 + m**2 + 18*m. What is the units digit of y(-13)?
5
Suppose -9*x + 4*y = -6*x - 15269, 3*x - 5*y = 15271. What is the units digit of x?
7
Let d be (5/(-6))/((-25)/600). Suppose 0 = -6*f - d*f + 44772. What is the tens digit of f?
2
Let x = 21326 + -9970. Suppose 19*z + 15*z = x. What is the units digit of z?
4
Let p(l) = -27*l**3 + 8*l**2 + 11*l + 86. What is the units digit of p(-7)?
2
Suppose -16*r + 103137 = 16193. What is the tens digit of r?
3
Let p = -108 - -190. Suppose -38 = d - p. What is the units digit of d?
4
Suppose 515*v = 62784 + 1362736. What is the tens digit of v?
6
Suppose 11*g = 1193 + 8729. Suppose -3*x + 1878 = w, x - 3*w - g + 286 = 0. Suppose 28*k - 33*k + x = 0. What is the units digit of k?
5
Let c = -3475 - -20004. What is the units digit of c?
9
Let n(l) = 6*l**2 + 211*l - 197. What is the hundreds digit of n(32)?
6
Let m = 15695 - 8300. What is the thousands digit of m?
7
What is the tens digit of (-9)/(((-65)/(-84435))/((-2)/18))?
9
Let l be (-4 + 2)/(1 - (-532)/(-524)). Let x = -131 + l. Suppose 0*v + 3*v + 3 = x, -2*p + 259 = -5*v. What is the hundreds digit of p?
1
Suppose 0 = 3*j + 9, -7*h - 3 = -5*h - 5*j. What is the thousands digit of (2049/(-6))/(h/54)?
2
Let w be (-1437)/39 + 4/(-26). Let g = -40 - w. What is the units digit of (860/50)/(g/(-15))?
6
Suppose 4*c = 5*s + 243, 5*c = -2*s + 10 + 335. Let n = -63 + c. Suppose n*z + 3*z = 721. What is the units digit of z?
3
Let v(z) = 35295*z**2 + 619*z + 619. What is the units digit of v(-1)?
5
Suppose 2*h - 14*h = 24. Let f be -1 + (h/4)/(3/(-78)). What is the units digit of 66/(-4)*(-64)/f?
8
Let j = -482 + 2772. Suppose -7460 = -5*z - j. What is the units digit of z?
4
Let v = 29 + -33. Let i be v + (4 - (3 + -1)). What is the tens digit of (-480)/(-6) - (-3 - i)?
8
Suppose -175*b + 173*b + y + 59491 = 0, 89217 = 3*b + 5*y. What is the ten thousands digit of b?
2
Let k(o) = -o**3 + 4*o**2 - 7*o + 4. Let d be k(5). Suppose -5*j - 204 = 3*v, 24*v - 2*j + 371 = 19*v. Let s = d - v. What is the units digit of s?
7
Let p = 31 - 29. Suppose -5*o = p*z - 3, 0 = -5*z + 3*o - 0*o + 23. Suppose -2*k - 247 = -4*n + k, -z*k = -5*n + 310. What is the units digit of n?
8
Suppose 17*n = 93976 - 9180. What is the hundreds digit of n?
9
Let m be 12*((-2 - -4) + -1). Suppose 0*l - 4*l = -m. Suppose -l*f + 5*f = 116. What is the tens digit of f?
5
Let h be (-10)/(-12) + (-45880)/(-240). Let w = -137 + h. What is the tens digit of w?
5
Let d(x) = -9*x + 114. Let u be 0/(3 + (2 + 0 - 7)). What is the units digit of d(u)?
4
Let j = -129 - -117. Let i be 8/28 + j/(-7). Let m(o) = 32*o**2 - 5*o + 5. What is the tens digit of m(i)?
2
Let y = 15062 + -10063. Suppose -2*a = -2*s - 1998, 3*s + y = -7*a + 12*a. What is the tens digit of a?
0
Let f = 28631 - -20955. What is the thousands digit of f?
9
Suppose 9*y - 760 = 4*y. Let m = -246 + y. Let f = -57 - m. What is the units digit of f?
7
Let f = 19900 + 21084. What is the tens digit of f?
8
Suppose 27*k = 178819 + 493940. What is the ten thousands digit of k?
2
Suppose 4*p - 41*p + 37 = 0. What is the units digit of -5 + (114 - -9) + (p - -1)?
0
Suppose -r + 2*i + 52 = -437, -2434 = -5*r - i. What is the units digit of r?
7
Let k(n) = n + 13. Let h be k(-11). Suppose -h*b - 20 = -18. What is the tens digit of (-63 - -1)*((-6)/(-12))/b?
3
Suppose -2*g - 2*t + 62806 = 0, 43988 = 2*g - 5*t - 18846. What is the units digit of g?
7
Suppose -c + 3 = 6*v - v, v - 5*c = -15. Suppose v = -8*l + 4*l - 2*m + 16, -5*l + 18 = 3*m. Suppose -p = -5*u - 47, 4*u - l = 2. What is the tens digit of p?
5
Let m = 105 + -91. What is the tens digit of (7/m)/((-2 + 0)/(-4496))?
2
Let m(p) = -44*p - 355. Let l be m(-25). Suppose -4*q + l = -703. What is the hundreds digit of q?
3
Suppose 0 = -v - 4*u - 41, -21 = 4*u - 1. What is the hundreds digit of v/6*1952/(-4)?
7
Let l(b) = b**2 + 17*b + 28. Let g be l(-13). Let s be (-2)/(-14) + g/(-28) + -22. What is the tens digit of 6/s + 128*(-1)/(-7)?
1
Suppose 4*p - p - 1873 = -5*i, -4*i + 1871 = 3*p. Suppose -4*v + p = -3*q, q + 77 + 79 = v. What is the hundreds 